025803357 a composite number?
False
Is 210504929 prime?
True
Is 13729608443 a prime number?
False
Is 622573169 prime?
True
Is 22706241949 a composite number?
False
Is 4130638753 a prime number?
True
Is 4812236501 composite?
True
Is 246122461 composite?
True
Is 10223110739 a prime number?
True
Is 7361213417 composite?
True
Is 71879729 a composite number?
False
Is 402473311 a composite number?
False
Is 2177061253 composite?
False
Is 120198649 prime?
False
Is 212398149101 a prime number?
False
Is 4952599933 prime?
False
Is 21720291557 a composite number?
False
Is 737136523 composite?
False
Is 109019171 prime?
False
Is 6726811687 composite?
True
Is 120252853139 a composite number?
False
Is 8455741867 a composite number?
True
Is 13737115363 composite?
False
Is 10914940061 prime?
True
Is 11297360033 a composite number?
True
Is 1139444461 a composite number?
True
Is 701571697 composite?
False
Is 299621303 prime?
True
Is 1424624447 a composite number?
False
Is 402464857 prime?
True
Is 24086060473 a composite number?
False
Is 4895154461 a composite number?
False
Is 622916191 a composite number?
False
Is 470056661 a composite number?
False
Is 48712927169 a prime number?
True
Is 3200764717 a composite number?
False
Is 301363721 a prime number?
False
Is 9595358479 a prime number?
False
Is 2143333369 a prime number?
True
Is 701491673 a prime number?
False
Is 1483202841 composite?
True
Is 16954771003 composite?
True
Is 2213339207 composite?
False
Is 36817672057 prime?
True
Is 376068367 composite?
False
Is 5591980001 a prime number?
True
Is 16112706079 composite?
False
Is 42027183769 a prime number?
False
Is 1067182903 a composite number?
True
Is 1073926781 a prime number?
True
Is 29916258107 a composite number?
False
Is 13374262931 a prime number?
False
Is 127965433 prime?
False
Is 164277043963 prime?
True
Is 70070303 prime?
False
Is 1613150579 composite?
False
Is 319630469 composite?
True
Is 85527119309 composite?
True
Is 5982267931 composite?
False
Is 2579913137 composite?
False
Is 2035356013 prime?
True
Is 37375715449 a composite number?
True
Is 1217300197 prime?
True
Is 22413292619 prime?
True
Is 55454020883 prime?
True
Is 40136752807 composite?
True
Is 9281547761 prime?
True
Is 17831405597 a composite number?
True
Is 24309383071 a composite number?
True
Is 7869793219 a composite number?
False
Is 166318693 a prime number?
True
Is 1781525155 prime?
False
Is 3100775303 a composite number?
False
Is 289500833157 a composite number?
True
Is 16419012089 a prime number?
False
Is 1245568463 a prime number?
False
Is 36713556833 a composite number?
True
Is 265095118 a prime number?
False
Is 11444386433 composite?
True
Is 2560659257 composite?
True
Is 2486146541 a composite number?
False
Is 4058923487 composite?
True
Is 18720572239 prime?
True
Is 1750747367 a prime number?
True
Is 542210197 a prime number?
False
Is 1975152139 prime?
True
Is 4468589239 a prime number?
True
Is 276707971 a composite number?
True
Is 879773971 composite?
False
Is 7890147721 prime?
False
Is 31438220129 a composite number?
False
Is 39148583 a prime number?
True
Is 14564656583 prime?
False
Is 1389080431 prime?
True
Is 520557343 composite?
False
Is 17992551457 a prime number?
True
Is 955039777 a prime number?
False
Is 20673089131 composite?
True
Is 13137446009 a prime number?
True
Is 146364548123 a composite number?
False
Is 35724502477 a composite number?
False
Is 139078658359 a composite number?
True
Is 330141449 composite?
True
Is 572276629 a composite number?
False
Is 1589444081 a prime number?
False
Is 442122277 prime?
False
Is 1203951527 a prime number?
True
Is 28592754007 a composite number?
True
Is 76150860451 a prime number?
False
Is 30926360057 a prime number?
True
Is 29221990459 a prime number?
True
Is 70551280633 prime?
False
Is 23604676061 a composite number?
False
Is 341063301 composite?
True
Is 227254814347 composite?
True
Is 11977083563 a composite number?
False
Is 1344613719 a composite number?
True
Is 144909233 prime?
False
Is 28738950115 a prime number?
False
Is 4403248937 a prime number?
True
Is 37130924755 composite?
True
Is 37073128423 a prime number?
False
Is 13127258359 composite?
False
Is 227307443 a composite number?
True
Is 51262156207 a composite number?
False
Is 29944663159 a composite number?
True
Is 10738659673 a prime number?
False
Is 17684033179 a composite number?
True
Is 1595587069 composite?
True
Is 10120086131 a prime number?
False
Is 58363324258 prime?
False
Is 1781377921 composite?
False
Is 30081730487 a composite number?
True
Is 5005668419 a prime number?
True
Is 7092287201 prime?
True
Is 31847026319 composite?
True
Is 5205630839 composite?
False
Is 1065427007 composite?
True
Is 184977083 prime?
False
Is 5467201697 composite?
True
Is 2568841607 a composite number?
False
Is 126418682591 a prime number?
True
Is 10706506243 composite?
False
Is 1640253073 prime?
False
Is 31111740767 a prime number?
True
Is 1175101639 prime?
True
Is 40174594591 a composite number?
False
Is 51754698319 prime?
False
Is 290313151 a composite number?
True
Is 216733939 prime?
False
Is 164701487 a prime number?
True
Is 1101338719 a prime number?
False
Is 830687903 prime?
True
Is 3834586069 composite?
False
Is 642286369 prime?
True
Is 33948626087 prime?
True
Is 91768319233 a composite number?
True
Is 170218654343 composite?
False
Is 560056463 a composite number?
True
Is 8503778533 composite?
False
Is 226411919 a prime number?
False
Is 23770252421 a prime number?
False
Is 5812577747 a composite number?
False
Is 35840540401 prime?
False
Is 178781011 a prime number?
True
Is 8222791223 composite?
False
Is 8061102683 a composite number?
True
Is 7439192533 a composite number?
True
Is 2121027373 a composite number?
False
Is 41959891433 a prime number?
False
Is 434455795 composite?
True
Is 15197482921 a prime number?
False
Is 74873391199 prime?
True
Is 1999959685 composite?
True
Is 2456735627 prime?
True
Is 83259171791 a prime number?
True
Is 25910779777 a prime number?
False
Is 30220154483 composite?
True
Is 711193513 a composite number?
False
Is 10816126411 a prime number?
True
Is 903502153 a composite number?
True
Is 47156789 a prime number?
True
Is 12172608691 composite?
False
Is 3388519177 a prime number?
True
Is 5140465423 a prime number?
False
Is 840377071 composite?
True
Is 1256459983 prime?
True
Is 3561548497 composite?
True
Is 3459278569 prime?
True
Is 1015599667 composite?
False
Is 1015064437 prime?
False
Is 72511093 prime?
False
Is 15646140803 prime?
True
Is 960080299 prime?
True
Is 5170551623 prime?
True
Is 198421167317 composite?
False
Is 596897113 prime?
True
Is 783763999 prime?
False
Is 10510679227 a composite number?
True
Is 26361540103 composite?
False
Is 858678083 a prime number?
False
Is 9788698 prime?
False
Is 2375418419 a composite number?
True
Is 4144650229 a composite number?
True
Is 9161927329 composite?
True
Is 15099997487 composite?
False
Is 3655270327 a prime number?
True
Is 6416980039 a composite number?
False
Is 411306065 prime?
False
Is 1401080287 composite?
False
Is 272522741 a composite number?
True
Is 46852061 a composite number?
False
Is 442030427 a prime number?
True
Is 5198775817 a prime number?
True
Is 20160067751 composite?
False
Is 9049273217 a composite number?
False
Is 3386779927 composite?
False
Is 115168164649 prime?
True
Is 71770138289 prime?
True
Is 9723013141 prime?
False
Is 1043090395 prime?
False
Is 409167221 a prime number?
True
Is 6057612439 a prime number?
False
Is 878651383 a composite number?
True
Is 31166249927 prime?
True
Is 5957034497 prime?
True
Is 19384283101 a prime number?
True
Is 1460499871 composite?
True
Is 16135314509 a prime number?
True
Is 18411428327 a composite number?
True
Is 8736620611 a composite number?
True
Is 33137590891 a composite number?
False
Is 4192414547 a composite number?
True
Is 6004452049 prime?
True
Is 12020258567 a composite number?
False
Is 6716416781 a prime number?
True
Is 106897457159 a composite number?
True
Is 13506079963 a composite number?
True
Is 29489357131 composite?
True
Is 5482824311 a composite number?
True
Is 297633084419 a composite number?
True
Is 3336593303 a prime number?
True
Is 223046815 composite?
True
Is 840871165 prime?
False
Is 80307694897 prime?
True
Is 14508773009 compo